Let k(l) = -5*c(l) - z(l). Calculate k(4).
-7
Let j(k) = -1. Let m(c) = c**2 + 5*c - 5. Let i(v) = -5*j(v) + m(v). Let d be (-3)/9 - ((-2380)/21)/(-20). Calculate i(d).
6
Suppose -6*o = -42*o - 34*o - 490. Let l = -1 + 9. Let m(z) = -l*z - z**2 + z + 0*z - 4. Calculate m(o).
-4
Let i(q) = -q + q**3 + 8*q**2 - 10 + 14 + 0*q**3 + 5*q - 8. Suppose j - 20 = 3*j. Let r = 3 + j. Calculate i(r).
17
Let z be (-4)/10 - 32/(-5). Suppose -4*c = -12, -4*j - 4*c = -5*j - 8. Let w(f) = 145 - 4*f**2 + 2*f**2 - 143 + j*f + f**2. Determine w(z).
-10
Let z(g) = 23*g**2 - 5*g + 21. Let y(m) = 4*m**2 - m + 1. Let t(c) = -6*y(c) + z(c). Suppose -4*o + 16 = q, -5*q - 45 = 8*o - 13*o. Give t(o).
-5
Let b(d) = -250*d**2 - 2*d - 4. Let g(k) = -562*k**2 - 4*k - 8. Let j(m) = 9*b(m) - 4*g(m). Give j(0).
-4
Let x(m) = -4*m**3 + 5*m**2 - 8*m + 11. Let n(y) = 3*y**3 - 5*y**2 + 7*y - 11. Let p(v) = -5*n(v) - 4*x(v). Calculate p(-5).
26
Let k(v) = v**2 + v - 53. Let h be k(-12). Let q = h - 70. Let c(u) = 0*u - 1 - u + 7. Calculate c(q).
-3
Let c(z) = -5*z + 17. Let o be c(3). Let a(r) be the second derivative of 7*r**3/6 + r**2/2 - 18*r + 2. Calculate a(o).
15
Suppose -40*t - 103 = -29*t - 378. Let c(j) = j - 24. What is c(t)?
1
Let r(y) = 4*y**3 - 44*y**2 - 14*y + 16. Let o(d) = 7*d**3 - 74*d**2 - 27*d + 31. Let i(k) = 3*o(k) - 5*r(k). What is i(4)?
1
Let k(r) = 19 + 6*r**2 + r**3 + 18 - 11*r + 16 + 12 - 71. Let y = 0 + -7. Give k(y).
22
Let l(p) be the first derivative of -p**3/3 + 7*p**2/2 + 7*p + 200397. Let s = -15 + 23. Determine l(s).
-1
Let t(i) = 2. Suppose 12*q = -7 + 31. Let v(k) = -k**2 + 2*k + 5. Let u(s) = q*t(s) + v(s). Calculate u(0).
9
Let m(q) be the first derivative of 1/2*q**2 - 9*q + 53. Calculate m(4).
-5
Let l(z) = -14*z + 1. Suppose -189*r = -283*r - 94. Determine l(r).
15
Let p(z) be the third derivative of 1/2*z**3 - 7/24*z**4 + 30*z**2 + 1/120*z**6 + 1/12*z**5 + 1 + 0*z. Determine p(-6).
9
Let y(w) = -w + 7. Let n be y(4). Let i(t) = -t**2 - 2*t. Let o(m) = -4*m**2 - 5*m - 4. Let d(q) = 2*i(q) - o(q). Give d(n).
25
Let p(w) be the first derivative of w**7/840 + w**6/90 + w**5/40 + w**4/8 + w**3/3 + 14*w - 58. Let o(i) be the third derivative of p(i). What is o(-3)?
3
Let r(v) = -v. Suppose 11*z - 6*z = -15. Let o be r(z). Let d(c) be the third derivative of -c**6/120 + c**5/15 - c**4/8 - c**3/3 + 350*c**2. Calculate d(o).
-2
Suppose s + 3*s = -156. Let q be 26/s*21/(-2). Let z(j) be the second derivative of -j**3/3 + j**2 + 17*j. Give z(q).
-12
Let o(s) = -2*s + 1. Let q be o(6). Let i(h) = 4321*h - 4 + 4409*h - 8733*h. Let m(f) = 14*f + 19. Let v(x) = q*i(x) - 2*m(x). What is v(-4)?
-14
Let h(u) be the first derivative of 55*u**2/2 - 8*u - 5096. Determine h(3).
157
Let b(o) = -o**2 - 11*o - 5. Let q be 1695/12 + 0 - 1/4. Let j = 131 - q. What is b(j)?
5
Let j(r) = r**2 - 52*r + 149. Let m be ((-60)/36 + 2)/(1/9). Determine j(m).
2
Suppose k - 10*w = -13*w + 12, -w = -5*k + 44. Let b(q) = -q**2 + k*q - 165 + 172 - 22*q. Calculate b(-13).
7
Suppose 2*n - 1 = -3. Let l(o) be the second derivative of 357*o - 1/6*o**3 + 0 - 1/2*o**2 - 2/3*o**4. What is l(n)?
-8
Let x(n) be the third derivative of -n**5/20 - n**4/4 + n**3/3 + 93*n**2. Calculate x(-2).
2
Let n(o) = -o + 3. Let x be n(-14). Suppose -5 = -4*w - x. Let c(l) be the third derivative of -l**5/60 - l**4/12 - l**3/3 - 24*l**2 + l. Determine c(w).
-5
Let q be (-12738)/(-165)*(-5)/(-2). Suppose -q + 186 = m. Let r(y) be the second derivative of -y**4/12 - 3*y**3/2 - 7*y**2/2 + 13*y. What is r(m)?
7
Let w(g) be the first derivative of g**4/24 + g**3/2 + 21*g**2 - 22. Let k(y) be the second derivative of w(y). Suppose -4*t = t. What is k(t)?
3
Suppose g + 3*q = 7, -3 - 7 = -2*g - 4*q. Let b(t) = -9*t + 7. Let k(n) = -1. Let u(i) = g*b(i) + 6*k(i). Suppose 8*z - 6 = 5*z. Determine u(z).
-17
Let q(y) = -15 + 4*y - 2*y + y. Let z(f) = -f + 5. Let r(n) = -6*q(n) - 17*z(n). Let s = 176865 - 176859. Calculate r(s).
-1
Let x(m) be the second derivative of 5*m**3/6 + 37*m**2/2 + 1482*m. What is x(-13)?
-28
Let b(q) = -5*q - 6. Let r(w) be the first derivative of -w**3/3 + 4*w**2 - 12*w - 52. Let v be r(7). What is b(v)?
19
Let u(l) = 357*l - 1070. Let d be u(3). Let w(r) = -14*r**2. Calculate w(d).
-14
Let l be (0 - -1)/((161/(-98))/(-23)). Let f(u) = -u**3 - 11*u**2 - 15*u. Let k(m) = 2*m**3 + 10*m**2 + 15*m + 3. Let c(z) = -3*f(z) - 2*k(z). Give c(l).
8
Let n(q) be the first derivative of q + 1/2*q**2 + 52. Give n(1).
2
Let t(m) be the second derivative of -m**4/12 - 2*m**3/3 - 9*m**2/2 + 16*m. Let o be t(-4). Let b(p) = p - 2. Calculate b(o).
-11
Let n(u) = -1. Let t(y) = 4*y - 4*y - 1 + y. Let f be -36*14/(-63) - (4 + 0). Let r(i) = f*t(i) - 4*n(i). What is r(-2)?
-8
Let a(s) be the second derivative of 23*s**3/6 - 15*s**2/2 - 9711*s. Determine a(-1).
-38
Let w(q) = -13*q**2 + 40*q - 32. Let u(z) = -11*z**2 + 34*z - 30. Let n(t) = -7*u(t) + 6*w(t). Give n(6).
-6
Let b = 283 + -261. Suppose b = 3*p - 5*a + 10*a, 10 = 2*a. Let m(y) = -3*y**2 - y - 1. What is m(p)?
-3
Let b(l) be the second derivative of -1/60*l**5 + 1/6*l**3 + 8*l**2 + 0 + 18*l - 1/12*l**6 + 0*l**4. Let d(h) be the first derivative of b(h). Calculate d(1).
-10
Let k be 55/(-15)*-3*1. Let h(o) = 8*o**2 - o**3 - 5 + 3*o**2 + 1297*o - 430*o - 433*o - 434*o. Give h(k).
-5
Let j(n) = n**3 + 10*n**2 + 18*n - 29. Suppose -38*t - 5*t - 39*t = 492. Give j(t).
7
Let q(y) be the second derivative of y**4/4 - 7*y**3/6 + 8*y**2 + 4*y - 17. What is q(3)?
22
Suppose -91*b - 288 + 138 = 396. Let t(c) = 11*c**2 + 4*c - 7. Let j(d) = 4*d**2 + d - 2. Let g(x) = -8*j(x) + 3*t(x). What is g(b)?
7
Let v(a) = -6*a**2 - 2*a + 1. Let z = 122 - 116. Suppose 4*u - z*u = 28. Let x be u/49 + (-16)/(-7) + -1. Give v(x).
-7
Let h(t) = -t**3 + 5*t**2 + 7*t - 4. Let x be -8 + -4 + 8 + -2. Let s be (-50)/(-15) - (-2)/x. Suppose 0 = 2*w + 3*u - 6 - s, 0 = 4*u + 4. Determine h(w).
2
Let n = 487 + -487. Let j(z) = -18*z - 20. Let y be j(n). Let w(u) = u**3 + 19*u**2 - 21*u - 25. Give w(y).
-5
Let a(y) = -2*y**2 + 2*y + 2. Let v(l) = -9*l**2 + 20*l + 21. Let t(z) = 3*a(z) - v(z). Give t(5).
-10
Let r(k) be the second derivative of k**4/6 + 7*k**3/6 - 5*k**2 - 3497*k. Give r(2).
12
Let b(z) = 19*z**2 + 1. Let p = -256 - -251. Let t be (5 + 4 + p)*1/(-4). What is b(t)?
20
Let v(n) = -26 - 154 - 80 - 72*n + 52*n - 136. What is v(-20)?
4
Let r(i) = 4*i**3 + 47*i**2 - 19*i - 83. Let j be r(-12). Let o(t) = 3*t**3 + 4*t**2 - 2*t + 1. Determine o(j).
6
Let s(i) be the first derivative of 1/2*i**2 + i + 27. Suppose -5*t = -4 - 1. Calculate s(t).
2
Let v(u) = 28*u**3 - 8 - 3*u**2 - 27*u**3 + 10*u**2 + 5*u. Suppose 15 = -5*h, -7*h - 24 = 2*i - 3*h. What is v(i)?
-2
Let s(n) = 10 - 64*n + 32*n - 1 + 35*n. Let b = 34 + -41. Determine s(b).
-12
Let z(s) = -20*s + 42. Let v(d) = -22*d**2 + 62*d + 13. Let y be v(3). Give z(y).
22
Let n(t) = -t - 4. Let r(k) be the third derivative of -k**4/6 + 19*k**3/6 + k**2 + 62*k. Let f be r(8). Calculate n(f).
9
Let v(u) be the second derivative of 1/3*u**3 - 1/12*u**4 + 0*u**2 + 4*u + 12. Calculate v(-2).
-8
Let z(n) = -11*n + 7*n + 4 - 12 + 6*n. Let b = -3560 - -3564. Calculate z(b).
0
Let c(z) = -z. Let j = -73 - -73. Let g be (j - (6 + -7)) + (2 - 2). Give c(g).
-1
Let n(c) = -c**3 + 10*c**2 - 11*c - 4. Let a(p) be the first derivative of -29*p**2/2 - 20*p + 100. Let q be a(-1). Calculate n(q).
-22
Let f(q) = 13*q**2 - 25*q + 17. Let a be (10/15)/((-1)/(-3)). Let s(d) = 4 - 2*d**2 + 5*d**2 - 9*d - 9*d + 12*d. Let t(u) = a*f(u) - 9*s(u). Determine t(3).
1
Let k = 3 + 7. Suppose -12*b = -7*b - k. Suppose 3*o - 1 = -0*q - 2*q, -b*o + 2*q - 16 = 0. Let c(f) = f**2 + f - 1. Give c(o).
5
Let w(t) = -t**3 + 3*t**2 + 5. Suppose 2*a + a - 3*f + 423 = 0, -3*f = a + 125. Let s = a + 90. Let v = s + 51. Determine w(v).
-11
Let w(h) = -h**3 - 7*h**2 - 2*h + 6. Let b = 199 - 189. Let x(o) = 2*o**3 - 19*o**2 - 11*o + 4. Let c be x(b). What is w(c)?
-18
Let v(g) = 5*g**2 + 36*g - 63. Let l(k) = -2*k**2 - 17*k + 31. Let w(z) = 7*l(z) + 3*v(z). Let r be w(5). Let q(a) = a**2 - 3*a - 1. Determine q(r).
9
Let p(k) = 0 + 7*k**2 + 5*k - 3 - k**3 + 8. Suppose 112*h = -196*h + 449*h - 1128. Give p(h).
-19
Let w(m) be the first derivative of -m**4/4 - m**3 - m**2/2 +